{"id":150,"date":"2012-06-01T04:20:32","date_gmt":"2012-06-01T02:20:32","guid":{"rendered":"http:\/\/vrolijkenfrans.wordpress.com\/?page_id=150"},"modified":"2017-08-17T16:26:11","modified_gmt":"2017-08-17T14:26:11","slug":"150-2","status":"publish","type":"page","link":"https:\/\/www.vrolijkenfrans.nl\/index.php\/huiswerk\/150-2\/","title":{"rendered":"Lezen &#038; luisteren"},"content":{"rendered":"<p><span style=\"color: #99cc00;\"><strong>Lezen &amp; luisteren<\/strong><\/span><\/p>\n<p>Een andere mogelijkheid\u00a0 is het beluisteren van \u2018\u2019<a title=\"Litterature audio.com\" href=\"http:\/\/www.litteratureaudio.com\/\" target=\"_blank\">luisterboeken<\/a>\u2019\u2019, terwijl je meeleest.\u00a0Je leert zo \u00e9n de taal \u2018\u2019in haar natuurlijk omgeving\u2019\u2019 \u00e9n je leest een leuk boek!\u00a0Het kan dan bijzonder handig zijn om de Nederlandse vertaling er naast te hebben. Dus neem een boek dat ook in het NL is vertaald, zodat je bij lastige passages even in het Nederlands kunt kijken, waardoor je toch lekker in de verhaallijn blijft en niet allemaal detailwoorden in het woordenboek op moet gaan zoeken.\u00a0Als je dan een boek neemt dat ook nog verfilmd is, waarbij de film vrij dicht bij het boek is gebleven, dan is dat helemaal mooi !<\/p>\n<p>Op onze site kun je <a href=\"http:\/\/www.vrolijkenfrans.nl\/index.php\/leuke-franse-leesboekjes\/\">leuke, vlot leesbare Franse boekjes<\/a> vinden voor beginners t\/m ERK niveau B1; bij diverse boekjes zitten ook audio boeken.<\/p>\n<p><a href=\"https:\/\/vrolijkenfrans.files.wordpress.com\/2012\/06\/5b.gif\"><img loading=\"lazy\" decoding=\"async\" class=\"alignright size-medium wp-image-1258\" src=\"https:\/\/vrolijkenfrans.files.wordpress.com\/2012\/06\/5b.gif?w=300\" alt=\"5b\" width=\"300\" height=\"246\" \/><\/a>Enkele voorbeelden voor de ERK niveaus A2\/B1:<br \/>\nVia onderstaande link kun je Le Petit Prince beluisteren en meelezen, maar het boekje <a title=\"Le Petit Prince - Antoine de Saint-Exup\u00e9ry\" href=\"http:\/\/www.bol.com\/nl\/p\/le-petit-prince\/1001004008288374\/\" target=\"_blank\">op internet kopen<\/a>\u00a0of in de boekwinkel in een mooie editie is natuurlijk veel leuker !<\/p>\n<p><a title=\"Le petit prince - chapitre 1| la voix de Sami Frey\" href=\"http:\/\/www.youtube.com\/watch?v=dvRIccSAHEw\" target=\"_blank\">Beluisteren &amp; lezen van &#8221;Le petit prince&#8221;<\/a>\u00a0&#8211; klik daar door voor de volgende hoofdstukken. Je kunt het boekje hier <a title=\"Le Petit Prince, Antoine de Saint-Exup\u00e9ry - Ebooks libres et gratuits\" href=\"http:\/\/www.ebooksgratuits.com\/pdf\/st_exupery_le_petit_prince.pdf\" target=\"_blank\">gratis downloaden<\/a><\/p>\n<p><a href=\"https:\/\/vrolijkenfrans.files.wordpress.com\/2012\/06\/1-perso_nicolas.gif\"><img loading=\"lazy\" decoding=\"async\" class=\"alignleft size-medium wp-image-1259\" src=\"https:\/\/vrolijkenfrans.files.wordpress.com\/2012\/06\/1-perso_nicolas.gif?w=300\" alt=\"1 perso_nicolas\" width=\"300\" height=\"132\" \/><\/a>Van Le Petit Nicolas bestaan, naast de fraai door Semp\u00e9 ge\u00efllustreerde boeken, ook luisterboeken. Le Petit Nicolas is geschreven door de auteur van Asterix &amp; Obelix, Ren\u00e9 Goscinny !<\/p>\n<p><a title=\"Le Petit Nicolas - le site officiel\" href=\"http:\/\/www.petitnicolas.com\/\" target=\"_blank\">Le Petit Nicolas<\/a> &#8211; Site Officiel<\/p>\n<p><a title=\"Le petit Nicolas, chapitre 1 - lezen &amp; luisteren\" href=\"http:\/\/notrelecture1.canalblog.com\/archives\/2008\/11\/26\/11521669.html\" target=\"_blank\">Le petit Nicolas, chapitre 1 &#8211; lezen &amp; luisteren<\/a>; aan de linkerkant kunt je de andere 18 hoofdstukken aanklikken<\/p>\n","protected":false},"excerpt":{"rendered":"<p>Vrolijk en Frans: tips voor lezen en luisteren<\/p>\n","protected":false},"author":1,"featured_media":0,"parent":122,"menu_order":5,"comment_status":"closed","ping_status":"closed","template":"","meta":{"_monsterinsights_skip_tracking":false,"_monsterinsights_sitenote_active":false,"_monsterinsights_sitenote_note":"","_monsterinsights_sitenote_category":0,"footnotes":""},"class_list":["post-150","page","type-page","status-publish","hentry"],"_links":{"self":[{"href":"https:\/\/www.vrolijkenfrans.nl\/index.php\/wp-json\/wp\/v2\/pages\/150","targetHints":{"allow":["GET"]}}],"collection":[{"href":"https:\/\/www.vrolijkenfrans.nl\/index.php\/wp-json\/wp\/v2\/pages"}],"about":[{"href":"https:\/\/www.vrolijkenfrans.nl\/index.php\/wp-json\/wp\/v2\/types\/page"}],"author":[{"embeddable":true,"href":"https:\/\/www.vrolijkenfrans.nl\/index.php\/wp-json\/wp\/v2\/users\/1"}],"replies":[{"embeddable":true,"href":"https:\/\/www.vrolijkenfrans.nl\/index.php\/wp-json\/wp\/v2\/comments?post=150"}],"version-history":[{"count":4,"href":"https:\/\/www.vrolijkenfrans.nl\/index.php\/wp-json\/wp\/v2\/pages\/150\/revisions"}],"predecessor-version":[{"id":2138,"href":"https:\/\/www.vrolijkenfrans.nl\/index.php\/wp-json\/wp\/v2\/pages\/150\/revisions\/2138"}],"up":[{"embeddable":true,"href":"https:\/\/www.vrolijkenfrans.nl\/index.php\/wp-json\/wp\/v2\/pages\/122"}],"wp:attachment":[{"href":"https:\/\/www.vrolijkenfrans.nl\/index.php\/wp-json\/wp\/v2\/media?parent=150"}],"curies":[{"name":"wp","href":"https:\/\/api.w.org\/{rel}","templated":true}]}}